e 19056/180 + 4/30. Let d = x - v. What are the prime factors of d?
17
Let i(a) = a**2 - 3*a + 35. Let x = -15 - -27. List the prime factors of i(x).
11, 13
Suppose 120 = 73*s - 75*s. Let q be s/45 - (-560)/6. Suppose 3*r = q + 67. What are the prime factors of r?
53
Let o(t) = t**2 - 10. Let w = 52 + -42. Suppose -6 = -2*y + w. What are the prime factors of o(y)?
2, 3
Suppose 5*r - 16705 = -2*d, -3*r + 22641 + 2430 = 3*d. List the prime factors of d.
2, 5, 11, 19
Let b(j) = -17*j + 9. Let u be b(-6). Let t = 306 - u. Let d = t + -70. List the prime factors of d.
5
What are the prime factors of (((-26)/(-4))/((-38)/(-76)))/((-2)/(-3118))?
13, 1559
Let p(q) = -q**3 + 7*q**2 - 6*q - 3. Let s be p(6). Let i(k) = -3*k**3 - 9*k - 1. Let l be i(s). Let m = -58 + l. What are the prime factors of m?
7
Suppose -8*w + 6950 = -19890. Suppose -42*m - w = -47*m. What are the prime factors of m?
11, 61
Let j(q) = 4*q**3 - 32*q**2 - 26*q + 56. What are the prime factors of j(16)?
2, 11, 89
Suppose 5*i - 4*p + 71 - 6 = 0, -2*i = -2*p + 28. Let w(l) = l**3 + 10*l**2 + 12*l - 5. Let n be w(i). Let j = 15 - n. What are the prime factors of j?
47
Suppose -401268 = 1168*k - 1185*k. What are the prime factors of k?
2, 3, 7, 281
Let c(o) = 1305*o**3 - o**2 + 3*o + 11. Let i(h) = 870*h**3 - h**2 + 2*h + 7. Let j(q) = -5*c(q) + 8*i(q). List the prime factors of j(1).
2, 7, 31
Let q(n) = n**3 - n - 1. Let w(k) = 5*k**3 - 8*k**2 - 21*k - 9. Let j be (-4)/2 + 3 - 0. Let d(y) = j*w(y) - 6*q(y). What are the prime factors of d(-7)?
53
Let d = 5332 - 1950. Suppose -3*b = -u - d, -1353 = -b - 3*u - 229. List the prime factors of b.
7, 23
Suppose q - 256 = 4*j, 2*j + 5*q = -204 + 76. List the prime factors of (j - -1681) + (-1 - -8).
2, 7, 29
Let m = 530 - 530. Suppose 22*d - 40*d + 5202 = m. What are the prime factors of d?
17
Let a be -133*9*(-3)/(-63)*-4. Let i = a + 19. List the prime factors of i.
13, 19
Let z = 92 + -59. Suppose 0 = z*g - 31*g - 4. Suppose 0*o - 4*s - 30 = -o, g*o - 78 = 2*s. What are the prime factors of o?
2, 3, 7
Suppose 17260 - 8085 = -12*o + 91723. List the prime factors of o.
3, 2293
Let q be 0 + 6 + (-16)/4. Suppose 720 = 10*u - q*u. Let j = -9 + u. List the prime factors of j.
3
Let i(r) = 7361*r**2 + 15*r - 15. List the prime factors of i(1).
17, 433
Let a(n) = -n**2 - 55*n - 653. Let y be a(-38). Let j be (1 - 1 - 14) + 0. What are the prime factors of (j/(-4))/(y/(-98))?
7
Let z(t) = -4*t**3 + 7*t**2 + 14*t + 9. Let w be z(-5). Suppose -w = -n + 2*o, -n + o + 29 + 584 = 0. List the prime factors of n.
2, 3, 17
Suppose -5*h = -5*y - 25, 368*h = y + 370*h - 13. Suppose -4*g - 203 = -723. List the prime factors of y + -4 + g + 1.
2
Suppose 3*u - f = -0*u + 683, 231 = u + 3*f. Let n = 471 - u. List the prime factors of n.
3
Let f be (-3728)/(-10) + (-8)/10. Let g = 563 - f. List the prime factors of g.
191
Suppose 5*n - 2*l - 86413 = 0, -30*l - 20 = -25*l. What are the prime factors of n?
11, 1571
Suppose -m + r + 33 = -2*r, 5*m - 230 = 2*r. Let x be (32/m)/(2/(-9)). List the prime factors of 4 - 1 - (-25 + x).
31
Suppose -798914 - 863139 = -143*v + 408301. What are the prime factors of v?
2, 3, 19, 127
Suppose 316964 = -92*d + 1108992. What are the prime factors of d?
8609
Let f(j) = -160*j**3 - 19*j**2 + 16*j + 27. What are the prime factors of f(-6)?
3, 59, 191
List the prime factors of (-1832341)/(-266) + -2*2/(-8).
83
Suppose 3*k + 2*v + 10 = 7*k, -3*k + 11 = 2*v. List the prime factors of 575*(k + 14/(-7)).
5, 23
Let l(q) = 1344*q**2 - 228*q - 1592. List the prime factors of l(-7).
2, 5, 37, 89
Suppose -4*r - 27 = -43. Suppose -d = r*p - 746, -4*d - 5*p = -d - 2210. What are the prime factors of d?
2, 5, 73
Suppose 0 = -2*a - 5*g + 5904, -14413 = -5*a + 3*g + 409. Suppose 13*k = 3512 + a. What are the prime factors of k?
2, 3, 83
Suppose 4*t - 14 = 2*r, -22 = -4*r + 29*t - 31*t. Let j be ((-11)/(-2))/(3/12). Suppose -5*i = -r*i - j. What are the prime factors of i?
11
Suppose -402 = -0*b + 3*b. List the prime factors of (b/8)/((-10)/280).
7, 67
Suppose -w - 3*w + 56 = 0. Suppose 0 = w*v - 484 + 36. List the prime factors of v.
2
Let u = 222 + -219. Suppose u*h - 1092 = 537. List the prime factors of h.
3, 181
List the prime factors of (-514 + -2 + 1)*(20 + -46).
2, 5, 13, 103
What are the prime factors of (8/36*15)/(129080/21510 - 6)?
3, 5, 239
Let q be -3 - (0 - 7*-6). Let l = 171 - 102. Let z = l + q. List the prime factors of z.
2, 3
Let d(w) = -w**2 + 26*w + 46. Let g be d(19). Suppose g = j - 59. Let o = j + 25. List the prime factors of o.
263
Let z(j) = -123*j - 152. Let c be z(-9). Let q = 2844 - c. List the prime factors of q.
1889
Suppose 0 = -2*a + 2 + 16. Let p = 13 - a. Suppose -p*q - 4*h + 884 = 0, h - 1 = -5. What are the prime factors of q?
3, 5
Let s be -4*5/10 - 49. Let h = s + 67. Suppose 248 - h = n. What are the prime factors of n?
2, 29
Suppose -4*g = 13 - 13. Suppose g = 2*t + 6, -l + 6*t - 2*t + 16 = 0. Suppose -l*k = -2*k - 324. List the prime factors of k.
2, 3
Let z(j) = j**3 - 17*j**2 + j + 3. Let k be z(17). Suppose 6318 = -2*h + k*h. List the prime factors of h.
3, 13
Let w be ((-2)/4)/(32/(-192)). Suppose -534 = -5*q + 4*h, -w*h + 243 = 5*q - 319. What are the prime factors of 4 + -5 + q + 3?
2, 7
Let q be 11/(-22) - (-55)/10. Suppose 0 = -4*d + 2*o + 7617 - 1869, 2*o - 7185 = -q*d. What are the prime factors of d?
3, 479
Let b(l) = -65*l - 36. Suppose 2*q - q + 18 = 3*w, -8 = -4*w. List the prime factors of b(q).
2, 3, 31
Suppose 2*q + 21899 = 3*s, 5*s - 21642 = 2*q + 14855. Suppose -25*z + s = -16*z. What are the prime factors of z?
811
Suppose 133*h - 112*h - 95907 = 0. What are the prime factors of h?
4567
Suppose 5*k = 4*k. Let b = k + 0. Suppose 5*p + 6*h = 9*h + 83, 5*p - 2*h - 87 = b. List the prime factors of p.
19
Let a = 23336 - 14371. What are the prime factors of a?
5, 11, 163
Let z = -61 + 77. Suppose 4*q - 2*n = 0, -2*q = 9*n - 14*n + z. Suppose 7*c + 5*o - 175 = q*c, 0 = -5*o + 15. List the prime factors of c.
2
Let x = 29 - -21. Suppose -94 = -4*y + x. Suppose 2*f - y - 170 = 0. List the prime factors of f.
103
Let h(q) = -q**3 + 31*q**2 - 12*q - 9. Let k be h(30). Let s = k + -297. List the prime factors of s.
2, 3, 13
Let b(q) = 6*q**3 + 8*q**2 + 6*q + 4. List the prime factors of b(5).
2, 3, 41
Let o be 0 + (15 - (-16)/4). Let y = 21 - o. Suppose 0 = y*s - 2, -3*m + 13 + 5 = 3*s. What are the prime factors of m?
5
Suppose -h - 5*b = -29, 0 = -3*h + 3*b + 6 - 9. Let s(y) be the first derivative of 2*y**3/3 + 2*y**2 + y - 3. What are the prime factors of s(h)?
7
Let f be 40/(-24)*2/2*-3. Suppose -195 = 10*a - f*a. Let k = 165 + a. What are the prime factors of k?
2, 3, 7
Let a(q) = -4465*q - 963. What are the prime factors of a(-6)?
3, 8609
Let t be (-10)/8*(-14 + 10). Suppose -t*a = u - 0*u - 25, 2*u + a - 5 = 0. What are the prime factors of (22 + u - 0)*2?
2, 11
Suppose 5*y = -3*q + 759, -4*y + 2*q + 555 = -39. Let f = 167 - y. What are the prime factors of f?
17
Let s(y) = 14*y + 5*y**2 + 6*y**2 + 32*y + 7*y - 5*y**2 - 8. What are the prime factors of s(-19)?
1151
Let t be 4*(12/(-4) - 26/(-8)). List the prime factors of ((-5)/(-5) + t)/((-1)/(-239)).
2, 239
Let n(z) = -2*z**3 + 8*z**2 - 3*z - 7. Let o be n(3). Suppose -o*b + 2880 = 7*b. List the prime factors of b.
2, 5
Let g(z) = 4*z**2 - 168*z + 1939. List the prime factors of g(115).
11, 3229
Let b(k) = -k - 10. Let w be b(-12). Suppose w*r = -3*v - 15, 0 = -r - 5*v + 8*v + 15. Suppose 12*a - 1043 - 1513 = r. What are the prime factors of a?
3, 71
Let o = -40 + 28. Let j(v) = -v**3 - 11*v**2 - 9*v - 3. Let y be j(o). Suppose -3*u = -4*u + y. List the prime factors of u.
3, 83
Let z be (1 + 1 - 6/2)*-5. Suppose z*y - 3 = 8*y. What are the prime factors of (0 + y)/((-8)/328)?
41
Let y be (7128/(-144))/(1/8). Let b = y - -850. List the prime factors of b.
2, 227
Suppose 4*f - 39 = 5*h + 14, 4*f + 1 = -h. Let z(i) be the second derivative of -i**4/12 - 23*i**3/6 - 11*i**2/2 + 88*i. What are the prime factors of z(h)?
5, 23
Suppose u + u - 4106 = 2*t, u + 5*t = 2053. List the prime factors of u.
2053
Suppose 89*q = 194*q - 4181205. List the prime factors of q.
39821
Let o = 4 - 4. Let b be 9085/158 + 1/4*-2. Let m = b - o. List the pr